is the hundred thousands digit of 2880017?
8
What is the thousands digit of 23256182?
6
What is the hundred thousands digit of 8638484?
6
What is the thousands digit of 1672087?
2
What is the tens digit of 225508?
0
What is the tens digit of 458423?
2
What is the thousands digit of 568836?
8
What is the units digit of 526961?
1
What is the ten thousands digit of 1288490?
8
What is the millions digit of 1134534?
1
What is the hundreds digit of 1285244?
2
What is the hundreds digit of 16657592?
5
What is the thousands digit of 35482122?
2
What is the hundred thousands digit of 4316732?
3
What is the tens digit of 1734630?
3
What is the ten thousands digit of 474101?
7
What is the thousands digit of 16523641?
3
What is the thousands digit of 231869?
1
What is the tens digit of 127171?
7
What is the ten thousands digit of 3069975?
6
What is the hundreds digit of 10446254?
2
What is the hundreds digit of 2733083?
0
What is the tens digit of 430326?
2
What is the millions digit of 1563397?
1
What is the hundreds digit of 425857?
8
What is the millions digit of 9011066?
9
What is the ten thousands digit of 74663?
7
What is the ten thousands digit of 69553?
6
What is the hundred thousands digit of 1095920?
0
What is the tens digit of 4409236?
3
What is the ten thousands digit of 447158?
4
What is the millions digit of 3060879?
3
What is the units digit of 2410921?
1
What is the millions digit of 5861624?
5
What is the hundreds digit of 1735911?
9
What is the tens digit of 154648?
4
What is the tens digit of 1684146?
4
What is the units digit of 7288173?
3
What is the ten millions digit of 10874514?
1
What is the millions digit of 9267812?
9
What is the tens digit of 577448?
4
What is the hundred thousands digit of 686360?
6
What is the ten thousands digit of 615186?
1
What is the hundreds digit of 421337?
3
What is the hundred thousands digit of 596204?
5
What is the tens digit of 1278674?
7
What is the thousands digit of 565646?
5
What is the ten thousands digit of 12521856?
2
What is the thousands digit of 6552315?
2
What is the ten thousands digit of 329067?
2
What is the hundred thousands digit of 377183?
3
What is the hundred thousands digit of 1973561?
9
What is the ten thousands digit of 473610?
7
What is the units digit of 768091?
1
What is the tens digit of 2290086?
8
What is the thousands digit of 23381?
3
What is the hundreds digit of 316571?
5
What is the units digit of 3797102?
2
What is the tens digit of 123094?
9
What is the units digit of 18000481?
1
What is the units digit of 2188870?
0
What is the tens digit of 25433?
3
What is the units digit of 2424425?
5
What is the ten thousands digit of 3406568?
0
What is the ten thousands digit of 6440739?
4
What is the ten thousands digit of 1419707?
1
What is the ten thousands digit of 3521846?
2
What is the units digit of 300791?
1
What is the ten thousands digit of 170353?
7
What is the hundreds digit of 51404?
4
What is the ten thousands digit of 4568140?
6
What is the thousands digit of 12131559?
1
What is the units digit of 865458?
8
What is the hundred thousands digit of 1773548?
7
What is the ten thousands digit of 79166?
7
What is the hundred thousands digit of 4434396?
4
What is the hundred thousands digit of 449142?
4
What is the hundreds digit of 55398?
3
What is the thousands digit of 407489?
7
What is the hundreds digit of 3028?
0
What is the thousands digit of 260252?
0
What is the hundred thousands digit of 286853?
2
What is the thousands digit of 1170098?
0
What is the millions digit of 2703450?
2
What is the units digit of 1068646?
6
What is the tens digit of 7700286?
8
What is the tens digit of 1362343?
4
What is the units digit of 177509?
9
What is the ten thousands digit of 850398?
5
What is the tens digit of 503617?
1
What is the hundreds digit of 2748936?
9
What is the millions digit of 1481322?
1
What is the hundred thousands digit of 9877278?
8
What is the hundreds digit of 422311?
3
What is the tens digit of 1891523?
2
What is the ten thousands digit of 21415515?
1
What is the tens digit of 53640?
4
What is the tens digit of 556685?
8
What is the ten thousands digit of 233822?
3
What is the millions digit of 1543876?
1
What is the ten thousands digit of 3027737?
2
What is the ten thousands digit of 6677888?
7
What is the tens digit of 2371856?
5
What is the millions digit of 4758872?
4
What is the hundred thousands digit of 7835976?
8
What is the ten thousands digit of 1975267?
7
What is the tens digit of 302143?
4
What is the thousands digit of 200040?
0
What is the ten thousands digit of 617005?
1
What is the hundreds digit of 440089?
0
What is the thousands digit of 3048868?
8
What is the millions digit of 3001484?
3
What is the thousands digit of 21553420?
3
What is the ten thousands digit of 374003?
7
What is the hundreds digit of 3881047?
0
What is the units digit of 1640744?
4
What is the millions digit of 1596306?
1
What is the ten thousands digit of 7002882?
0
What is the thousands digit of 73169?
3
What is the ten thousands digit of 21556190?
5
What is the units digit of 425909?
9
What is the tens digit of 2940628?
2
What is the tens digit of 36419994?
9
What is the thousands digit of 162769?
2
What is the tens digit of 33670820?
2
What is the units digit of 165462?
2
What is the ten millions digit of 22874168?
2
What is the hundreds digit of 19312675?
6
What is the units digit of 1866183?
3
What is the hundreds digit of 38053?
0
What is the hundred thousands digit of 1158257?
1
What is the millions digit of 3408894?
3
What is the hundred thousands digit of 2780758?
7
What is the ten thousands digit of 593534?
9
What is the units digit of 2795282?
2
What is the thousands digit of 283896?
3
What is the hundred thousands digit of 9985325?
9
What is the hundred thousands digit of 3057212?
0
What is the hundred thousands digit of 6104678?
1
What is the thousands digit of 19750244?
0
What is the hundred thousands digit of 777822?
7
What is the thousands digit of 23602?
3
What is the ten thousands digit of 50060?
5
What is the millions digit of 1675809?
1
What is the tens digit of 333182?
8
What is the ten thousands digit of 9739814?
3
What is the ten thousands digit of 1084433?
8
What is the tens digit of 1443063?
6
What is the units digit of 963916?
6
What is the units digit of 2365683?
3
What is the tens digit of 100103?
0
What is the ten thousands digit of 505630?
0
What is the units digit of 1561044?
4
What is the hundred thousands digit of 817178?
8
What is the ten thousands digit of 480194?
8
What is the ten thousands digit of 3537133?
3
What is the tens digit of 133065?
6
What is the hundreds digit of 407266?
2
What is the hundreds digit of 157233?
2
What is the units digit of 16432910?
0
What is the thousands digit of 15109135?
9
What is the tens digit of 3147331?
3
What is the units digit of 112077?
7
What is the hundreds digit of 129718?
7
What is the tens digit of 17479362?
6
What is the thousands digit of 2137386?
7
What is the hundreds digit of 17305461?
4
What is the units digit of 11612642?
2
What is the millions digit of 4731818?
4
What is the tens digit of 3777797?
9
What is the hundreds digit of 4746011?
0
What is the hundreds digit of 259435?
4
What is the tens digit of 5548034?
3
What is the ten millions digit of 11784307?
1
What is the units digit of 153296?
6
What is the tens digit of 587266?
6
What is the units digit of 7086940?
0
What is the hundred thousands digit of 853243?
8
What is the hundred thousands digit of 12053692?
0
What is the hundred thousands digit of 1504576?
5
What is the tens digit of 8501203?
0
What is the thousands digit of 149987?
9
What is the units digit of 5957248?
8
What is the units digit of 282195?
5
What is the hundreds digit of 1787829?
8
What is the thousands digit of 10384347?
4
What is the millions digit of 17701694?
7
What is the units digit of 109919?
9
What is the units digit of 1255334?
4
What is the ten thousands digit of 882971?
8
What is the hundreds digit of 565417?
4
What is the hundreds digit of 360085?
0
What is the tens digit of 34500?
0
What is the millions digit of 16289295?
6
What is the thousands digit of 16839603?
9
What is the millions digit of 4207637?
4
What is the tens digit of 3840